est common divisor of 11937 and 69.
69
What is the greatest common factor of 84 and 14217?
21
What is the greatest common factor of 358611 and 33?
33
What is the highest common divisor of 336 and 706560?
48
Calculate the greatest common divisor of 1255593 and 6417.
2139
Calculate the greatest common divisor of 1964 and 108.
4
What is the highest common divisor of 431028 and 614?
614
What is the greatest common factor of 5150 and 14200?
50
Calculate the greatest common divisor of 1235115 and 2614.
1307
What is the greatest common divisor of 4758 and 8?
2
Calculate the greatest common divisor of 5 and 2289965.
5
Calculate the highest common factor of 6862117 and 199.
199
What is the highest common factor of 984 and 10742?
82
What is the greatest common divisor of 3063 and 3?
3
Calculate the greatest common factor of 820 and 427220.
820
Calculate the highest common factor of 165 and 90156.
33
Calculate the greatest common factor of 8835 and 8265.
285
What is the highest common factor of 4444 and 1919?
101
What is the greatest common divisor of 665553 and 2583?
861
Calculate the greatest common divisor of 196140 and 546.
42
Calculate the greatest common factor of 34 and 277423.
17
What is the highest common divisor of 891 and 66055?
11
What is the highest common factor of 1608 and 57?
3
What is the greatest common factor of 200 and 13075?
25
Calculate the greatest common divisor of 59277 and 6.
3
What is the highest common factor of 2331471 and 171?
57
Calculate the highest common factor of 25 and 24025.
25
What is the highest common divisor of 473 and 91289?
473
What is the greatest common factor of 66800 and 12358?
334
What is the highest common divisor of 51237 and 18?
9
Calculate the highest common factor of 517435 and 3585.
1195
Calculate the greatest common divisor of 4764 and 88.
4
Calculate the greatest common factor of 2108 and 6495802.
1054
Calculate the highest common divisor of 3754166 and 766.
766
Calculate the highest common divisor of 1213249 and 173.
173
What is the greatest common divisor of 322 and 490?
14
Calculate the highest common factor of 24 and 132504.
24
What is the highest common factor of 982927 and 38?
19
What is the greatest common factor of 14 and 2415?
7
Calculate the highest common divisor of 76553 and 74.
37
What is the highest common factor of 16960 and 140?
20
Calculate the highest common factor of 100161 and 1395.
279
Calculate the highest common divisor of 96005 and 42.
7
What is the greatest common divisor of 1501 and 19?
19
Calculate the highest common factor of 144742 and 114.
38
Calculate the greatest common divisor of 29645 and 20.
5
Calculate the greatest common divisor of 390 and 192810.
30
What is the greatest common divisor of 2977796 and 2892?
964
What is the greatest common factor of 30070 and 186?
62
Calculate the greatest common factor of 556 and 86875.
139
Calculate the highest common divisor of 46501 and 73.
73
Calculate the highest common factor of 1897473 and 57.
57
What is the greatest common divisor of 3287 and 692?
173
What is the greatest common factor of 9018 and 63?
9
Calculate the highest common factor of 6874308 and 1764.
1764
What is the greatest common factor of 7 and 132713?
7
What is the highest common factor of 722 and 646874?
38
Calculate the highest common factor of 8246 and 682.
62
What is the greatest common factor of 395825 and 75?
25
Calculate the highest common factor of 7969553 and 1282.
641
Calculate the greatest common factor of 140579 and 22427.
547
Calculate the highest common factor of 2998 and 1212691.
1499
Calculate the highest common factor of 143 and 8424.
13
What is the greatest common factor of 137 and 17399?
137
Calculate the greatest common factor of 5830 and 2420.
110
Calculate the highest common divisor of 188 and 546187.
47
Calculate the highest common factor of 5 and 46285.
5
What is the highest common divisor of 24534 and 754?
58
What is the greatest common factor of 600 and 35610?
30
What is the greatest common divisor of 372 and 2103474?
186
Calculate the highest common factor of 315 and 1399635.
45
What is the greatest common divisor of 11233 and 57599?
239
What is the highest common divisor of 54006 and 18?
6
What is the greatest common factor of 88283 and 26?
13
Calculate the greatest common divisor of 118 and 416009.
59
Calculate the greatest common factor of 31602 and 1832.
458
What is the highest common divisor of 12342 and 17?
17
What is the highest common factor of 23919 and 595?
119
Calculate the greatest common factor of 53 and 4509.
1
What is the highest common factor of 102 and 142647?
51
What is the highest common factor of 12933 and 459?
27
What is the highest common divisor of 28 and 20204?
4
Calculate the highest common factor of 2016 and 21378.
42
What is the highest common factor of 4836942 and 270?
54
Calculate the highest common divisor of 14 and 120743.
7
Calculate the greatest common divisor of 10106 and 5542.
326
What is the greatest common divisor of 65418 and 30?
6
What is the highest common divisor of 348 and 3153?
3
What is the highest common divisor of 928 and 493?
29
What is the highest common factor of 100974 and 12?
6
What is the greatest common factor of 15 and 77457?
3
Calculate the highest common divisor of 123 and 1707.
3
Calculate the greatest common divisor of 469 and 1005.
67
What is the greatest common divisor of 1608993 and 2628?
657
Calculate the greatest common divisor of 4310 and 5620.
10
Calculate the highest common divisor of 25039 and 6517.
343
Calculate the greatest common factor of 358 and 27.
1
What is the greatest common divisor of 5375652 and 138?
138
What is the highest common factor of 15458 and 917?
131
What is the greatest common divisor of 981 and 144?
9
Calculate the greatest common factor of 113916 and 396.
132
What is the highest common divisor of 2077277 and 2497?
227
What is the greatest common divisor of 4304 and 14272?
16
What is the greatest common factor of 3804 and 996?
12
What is the greatest common factor of 18068 and 4?
4
Calculate the highest common divisor of 155 and 5146.
31
What is the greatest common divisor of 147 and 40768?
49
What is the highest common factor of 4900 and 24815?
35
Calculate the highest common factor of 1241408 and 2240.
448
What is the highest common factor of 2274 and 642?
6
Calculate the highest common divisor of 42702 and 418.
22
Calculate the greatest common divisor of 1750 and 322.
14
What is the highest common factor of 6045 and 992?
31
Calculate the greatest common factor of 17138 and 4059.
451
What is the highest common factor of 526864 and 1360?
272
Calculate the greatest common factor of 380520 and 780.
60
What is the greatest common factor of 489226 and 374?
34
Calculate the greatest common divisor of 118722 and 8178.
282
Calculate the greatest common factor of 7182 and 126350.
266
What is the greatest common factor of 16046 and 3616?
226
What is the highest common divisor of 23715 and 8415?
765
What is the highest common divisor of 1125876 and 3876?
204
Calculate the highest common factor of 101075 and 2799.
311
What is the greatest common factor of 26 and 2158078?
26
What is the highest common factor of 20 and 11295?
5
What is the greatest common factor of 129092 and 1888?
236
Calculate the greatest common factor of 46 and 355396.
46
What is the highest common factor of 31912 and 24?
8
What is the greatest common divisor of 1687413 and 168?
21
What is the highest common divisor of 31 and 250139?
31
Calculate the greatest common factor of 424 and 632.
8
Calculate the greatest common factor of 763 and 441.
7
Calculate the greatest common divisor of 302040 and 80.
40
What is the highest common factor of 154 and 114686?
22
What is the highest common factor of 33500 and 810?
10
What is the greatest common divisor of 100 and 800?
100
What is the highest common factor of 170 and 39015?
85
What is the highest common divisor of 2139 and 552?
69
What is the highest common divisor of 1938 and 64296?
114
Calculate the greatest common factor of 191704 and 232.
8
What is the highest common divisor of 266787 and 54?
27
Calculate the highest common divisor of 11 and 32.
1
What is the greatest common divisor of 7220 and 740?
20
Calculate the highest common div